 5*b**2 - b - 2. Calculate z(g).
3
Let l(c) = c**3 + 4*c**2 + 2*c. Let z(j) = j**3 + 8*j**2 - 9*j - 4. Let g(q) = q**2 + 8*q - 9. Let b be g(-8). Let t be z(b). What is l(t)?
-8
Let n(k) = k**2 + 5*k + 3. Let s = 0 + 2. Let b be 16/(-10)*(5 + 0). Let u be (b/4)/(s/5). Give n(u).
3
Let q(t) = t + 1. Let l(d) = 1. Let i(c) = -6*l(c) + q(c). Give i(-6).
-11
Let g(s) = 8*s**2 + s. Let x = 10 + 25. Let m be x/11 + (-8)/44. Suppose -5*c = m + 2. Determine g(c).
7
Let j(h) = 19 - 13 - 10 - h. What is j(-4)?
0
Let u(q) = -3 + 1 + 7*q - 8*q. Let d be u(0). Let v = d + -1. Let o(l) = -l**3 - 4*l**2 - 2*l - 2. What is o(v)?
-5
Let j(i) be the third derivative of i**6/120 - i**5/15 + 5*i**3/6 - 4*i**2. What is j(4)?
5
Suppose 2*a + 8 = 3*v + 7, 2*v = -4*a - 10. Let b(k) = -11*k - 1. What is b(v)?
10
Let d(k) = -k**2 + k - 4. Let n(m) = -3*m**2 + m - 9. Let x(f) = -5*d(f) + 2*n(f). Calculate x(3).
-16
Let u be 8/2 + (4 - 4). Suppose 0 = -u*y - 1 + 25. Let k(s) = s**3 - 6*s**2 - 3. Calculate k(y).
-3
Let u(r) = 3*r + 4. Let v(d) = d + 2. Let p(a) = -2*u(a) + 5*v(a). Give p(5).
-3
Let t(v) = v**2 + 3*v - 4. Let o(g) = -2*g - 7. Let j be o(-7). Suppose 0 = l + 2*l + 4*w - 5, 2*l = w + j. Suppose -b + 2*b = -l. Calculate t(b).
-4
Let m(f) be the second derivative of -f**3/6 - 2*f**2 + 10*f. Give m(-2).
-2
Suppose 0 = 2*a + a - 15. Let s = a + -9. Let u(z) = -z**3 - 3*z**2 + 7*z + 5. Give u(s).
-7
Let i be ((-18)/15)/(7/35). Let w(g) = -g - 8. Determine w(i).
-2
Let n(g) = -5*g + 1. Let o(v) = 4*v - 1. Let a(f) = 3*n(f) + 4*o(f). Suppose 3*c = -0*c + 9. What is a(c)?
2
Let c(f) = f + f + 2*f - 2 - 6*f. Calculate c(-5).
8
Let d(n) = n**2 + 6*n + 2. Suppose 5*h + 7 = -2*g, -9 = 2*g + 4*h - h. Determine d(g).
2
Let b(o) = -2*o + 8. Let p be b(6). Let l(z) be the third derivative of -z**6/120 - z**5/15 - z**4/12 - 2*z**3/3 - 30*z**2. What is l(p)?
4
Let g be 4/(-12) - 49/(-3). Suppose -2*l - 5*v - 19 = 0, -2*l + 4*l = 2*v + g. Let n(x) = -x**3 + 3*x**2 - 4*x + 1. Determine n(l).
-11
Let l be -12*(-1 - 2/(-4)). Suppose g = -0 + l. Let s(z) = z**3 - 6*z**2 - 1. Determine s(g).
-1
Let l = 1 - -2. Let w(j) = j**2 - 3*j - 4. Let q(r) = -r**2 + 3*r + 5. Let k(c) = 6*q(c) + 7*w(c). Determine k(l).
2
Let z(b) be the first derivative of 1 + 2*b**2 + 1/4*b**4 + 5/3*b**3 + b. Suppose 2*a + 3*k = -17, -4*k - 17 = 3*a + 7. Determine z(a).
1
Let m(c) = -c**3 + 2*c**2 + 3*c - 2. Let d be -4*((-1)/2 - 0). Suppose -3*x + 1 = -d. Let f be x + (-4 + 3 - -3). Give m(f).
-2
Let w(m) = 0*m - 1 - m**2 - 3 + 4*m - 2*m. What is w(3)?
-7
Let t(c) = -c**2 - 13*c - 13. Let g be t(-12). Let y = g + -3. Let b(f) be the second derivative of -f**4/12 - f**3/3 + f**2 + 3*f. Calculate b(y).
-6
Let z(c) = c**2 - 5*c - 7. Let o be z(7). Let n = o + -11. Let x(i) = i**2 + 3*i - 3. Give x(n).
1
Let r(f) be the third derivative of -f**5/60 + 7*f**4/24 + f**3 - 27*f**2. What is r(7)?
6
Let a(b) be the second derivative of 2*b**3/3 - 3*b**2 + 16*b. What is a(5)?
14
Let u(i) be the first derivative of i**3/3 + 3*i**2/2 + 3*i + 1. Let b = 5 + -2. Suppose -w = -x - 1, -3*x - 2*w = b*w + 19. Determine u(x).
3
Let y(k) = -k**2 - 3*k + 5. Suppose 14 - 9 = -t. Give y(t).
-5
Suppose 2*t + 20 = -5*f, -4*f - 2*t + t = 16. Let r = f - 8. Let o be 4/(-3)*18/r. Let g(z) = -2*z**2 + z + 2. Give g(o).
-4
Let z = -9 - -3. Let w(b) = 8*b**2 - b + 7. Let h(i) = 7*i**2 + 7. Let t(y) = -7*h(y) + 6*w(y). Determine t(z).
-7
Let q = 5 - 14. Let g be (-2)/q + (-25)/(-9). Suppose n - 2*b + 6 = 2*n, 2*n = g*b - 2. Let x(r) = 3*r**2 - 2*r - 2. Determine x(n).
6
Let u(s) = 5*s + 4. Suppose 3*k + 20 = z, z - 6*z + 5*k = -50. What is u(z)?
29
Let u(k) = -k**2 - 5*k - 2. Suppose 0 = 4*j + 5*n - 7, -5*j = n - 3*n - 17. Let y(r) = -2*r**2 - 5*r - 2. Let x(f) = j*u(f) - 2*y(f). What is x(6)?
4
Let q = 510 + -515. Let c(r) be the first derivative of 1 + 5*r - 1/4*r**4 - 5/3*r**3 + 1/2*r**2. Give c(q).
0
Let g(s) = 3 + 717*s**2 + s + s**3 - 1 - 716*s**2. Determine g(0).
2
Let y(m) = -m**2 + 10*m - 6. Suppose z = -z + 10, 3*s - 39 = -3*z. Determine y(s).
10
Let u(o) be the second derivative of 7/6*o**3 + 0 + 0*o**2 + 3*o. Give u(-1).
-7
Suppose 30 = -5*c - 2*h, -3*c - 12 - 5 = h. Let o(p) = p**2 + 4*p + 1. Let w be o(c). Let u(i) = -3 + 2 + 142*i - 137*i. Calculate u(w).
4
Suppose 2*g + 3*g = 0. Let a(o) = o**3 + o + 8. Determine a(g).
8
Suppose -5*d + 3*m = -27, 8 = -2*m - 0. Let o(w) = w**3 - 5*w**2 + w + 2. Give o(d).
-13
Suppose -11 + 2 = -3*y. Let n(k) = -4*k + 0 + y*k**2 + 2 + 2 + 1. Let a(d) = d**2 - d + 1. Let m(g) = 6*a(g) - n(g). Give m(1).
2
Let b(x) = x**2 + 6*x. Let j = -1 - 4. Give b(j).
-5
Suppose -5*k = 1 + 19. Let j(i) be the third derivative of -i**5/60 - i**4/6 - i**3 + 107*i**2. Determine j(k).
-6
Let x = -1 + 4. Let d = 5 - x. Let c(b) = -b**3 - 2*b**2 + 6*b + 1. Let p(g) = g**3 + g**2 - 4*g - 1. Let w(k) = -2*c(k) - 3*p(k). Calculate w(d).
-3
Let s = 62 + -56. Let p(y) = -4*y + 6. Calculate p(s).
-18
Suppose -7*y = -2*y - 5. Let o(d) = -3 - 4*d + 6 + y. Let i be (-4 - -6) + (-1)/(-1). Determine o(i).
-8
Let g(n) = -2*n**3 + 4*n**2 - 4*n + 3. Let k(j) = -j**2 - 4*j - 6. Let w be k(-3). Let s be -1 + -1 + 7 + w. Give g(s).
-5
Let r(q) = 3*q**3 + q**2 - 1. Let v be -1 + (0 - 1 - -1). What is r(v)?
-3
Suppose 2*u - 4*t = -16, u = -4*t - 14 + 6. Let c(k) = -2*k - 10. Calculate c(u).
6
Suppose -3*s + 2*z = -0*z + 19, 11 = -3*s + 4*z. Let p(j) = j - 7. Give p(s).
-16
Let j(a) = a**3 - 2*a**2 + a - 2. Let c(r) = -r**2 + 10*r - 9 - r**2 + 0 + 3*r**2. Let z be c(-11). What is j(z)?
0
Let f(y) be the first derivative of -1/2*y**2 + 2 + 2*y. Determine f(2).
0
Let v(w) = -4*w**3 + 25*w**2 + 29*w - 4. Let q(n) = -n**3 + 6*n**2 + 7*n - 1. Let g(d) = 9*q(d) - 2*v(d). Give g(4).
19
Let v(d) = -7*d**3 + 12*d**2 - 11*d - 10. Let r(f) = 4*f**3 - 6*f**2 + 6*f + 5. Suppose 0 = -3*n + 5*n - 6. Let m(a) = n*v(a) + 5*r(a). Determine m(5).
5
Suppose 3*h + 5*k = -6, 0 - 18 = -3*h + 3*k. Suppose -4*f - h*u + 42 = -5*u, -3*u = -4*f + 43. Suppose 7*n + f = 2*n. Let z(a) = a + 3. Give z(n).
1
Let i(q) = 5*q**3 + 5*q**2 - 8*q + 12. Let j(o) = 7*o - 6 - 4*o**3 - 2 - 5*o**2 - 3. Let b(n) = 5*i(n) + 6*j(n). Give b(4).
-14
Let x(p) = -7*p**2 + 5*p + 7. Let s(a) = 11*a**2 - 8*a - 11. Let i(j) = -5*s(j) - 8*x(j). Suppose 6*o - 2*o = 16. Let n = o - 3. What is i(n)?
0
Let i = 6 + -8. Let x = 1 + -2. Let m = x + i. Let o(g) = 2*g**2 + 5*g + 3. Determine o(m).
6
Suppose -2*k + 37 = 3*k + 3*l, -3*l + 7 = -k. Let t(d) = 41*d - 34. Let s(c) = 13*c - 11. Let w(p) = -19*s(p) + 6*t(p). Give w(k).
0
Let f(p) = 0 + 1 - p - 2. Suppose -4 = -2*q + 4*j, 5*q - 2*q + 6 = 2*j. Let s be (3 + 0)*4/q. Give f(s).
2
Let k(w) = -19*w**3 - w + 18*w**2 + 16 + 0*w + 18*w**3. Let u be k(18). Let h(t) = t - 2. Determine h(u).
-4
Let v(s) = 12*s - 2. Let k(j) = -6*j + 46. Let b be k(8). Calculate v(b).
-26
Let z(s) = -2*s - 3. Suppose 27 = 5*i + 7. Suppose -5*h + 3*g - i = -36, 3*g = h - 16. What is z(h)?
-11
Let g = 11 + -13. Let n(r) be the third derivative of r**6/120 + r**4/12 + r**3/2 - 2*r**2. Calculate n(g).
-9
Let b be 3*1*16/24. Suppose b*m + 11 + 1 = 0. Let k(j) = -j**2 - 8*j - 8. Determine k(m).
4
Let p(y) be the second derivative of -y**5/20 + y**4/3 - y**3/6 - y**2 - 12*y. What is p(2)?
4
Let l(w) be the second derivative of w**3/6 + w**2 + 8*w. Determine l(-4).
-2
Let y(q) = -q**2 - q + 3. Let b = -10 - -7. What is y(b)?
-3
Let t(u) = u - 3. Let y(d) = -2*d**2 + 42*d + 41. Let i be y(22). What is t(i)?
-6
Let m(v) = 3*v**2 + 3*v - 2. Let k(u) = u**2 + 2*u - 1. Let r(a) = -5*k(a) + 2*m(a). Let n be (-4 - (4 - 5))*-2. Give r(n).
13
Let r(m) = m. Let n(a) = 2*a + 5*a - 8*a. Let s(j) = 6*n(j) + 5*r(j). Calculate s(2).
-2
Suppose -12 = 3*t, -2*g - 13 = 4*t + 13. Let b(v) = -3*v + 2*v**2 - 3*v**2 + 8 - 2. Calculate b(g).
-4
Let z(c) = -4*c**3 + 3*c**2 - c - 8. Let i(y) = -7*y**3 + 5*y**2 - 2*y - 15. Let l(s) = 3*i(s) - 5*z(s). Calculate l(0).
-5
Let m(b) = b**3 + 5*b**2 - 7*b + 3. Suppose -4*g = -2*u - 20, 0 = -5*u - 5*g + 7 - 27. Calculate m(u).
9
Let s(z) be the second derivative of -z**5/20 - z**4/2 - 7*z**2/2 - z. What is s(-6)?
-7
Let l(w) be the third derivative of 0 - 1/12*w**4 + 1/10*w**6 + 0*w + 0*w**5 - 1/6*w**3 + 5*w**2. What is l(-1)?
-11
Let y(g) = -g**2 - g. 